+ 20*l - 52. Give o(8).
364
Let x(d) = -3*d**3 - 14*d**2 + 381*d + 1525. Determine x(-4).
-31
Let r(u) = -875*u + 8715. Determine r(10).
-35
Let m(n) = -3481*n - 34815. Give m(-10).
-5
Let c(p) = -86585*p + 519634. Give c(6).
124
Let g(q) = -q**3 - 557*q**2 + 9853*q + 54539. Give g(-574).
9
Let y(b) = -8*b**2 + 151*b + 3725. Determine y(33).
-4
Let x(f) = 4*f**3 - 116*f**2 + 827*f + 72. What is x(16)?
-8
Let i(l) = -l**3 + 3131*l**2 + 15682*l + 3. Give i(-5).
-7
Let y(q) = -13*q**2 + 17335*q - 7973. Determine y(1333).
25
Let y(l) = -5*l**3 + 268*l**2 - 51*l + 8575. Give y(54).
-11
Let i(r) = -4*r**2 + 150*r - 633. What is i(31)?
173
Let b(s) = s**3 - 45*s**2 - 229*s + 6466. What is b(47)?
121
Let n(j) = -j**3 - 149*j**2 - 1244*j + 552. Calculate n(-140).
-1688
Let k(d) = -d**3 + 11*d**2 + 118*d - 1287. Determine k(10).
-7
Let u(o) = -10*o**3 + 25*o**2 + 399*o - 1594. Determine u(4).
-238
Let w(j) = -29*j**3 - j**2 + 338*j - 14. Calculate w(0).
-14
Let q(g) = -118563*g + 355697. Calculate q(3).
8
Let z(h) = h**3 - 43*h**2 - 92*h + 952. Calculate z(45).
862
Let s(t) = t**2 + 18171*t - 1515097. Calculate s(83).
-15
Let z(j) = -j**3 - 12*j**2 + 224*j + 2530. What is z(-12)?
-158
Let s(f) = -4*f**3 + 922*f**2 + 7140*f + 48. Give s(238).
48
Let m(u) = -406*u + 14938. Determine m(37).
-84
Let k(o) = -217800*o - 1742263. Determine k(-8).
137
Let i(u) = -98364*u + 196697. What is i(2)?
-31
Let w(d) = -d**3 - 60*d**2 - 26*d + 1759. What is w(-59)?
-188
Let c(q) = 4*q**2 + 135*q - 2228. Determine c(12).
-32
Let l(p) = -3*p**3 - 500*p**2 - 825*p - 8. Calculate l(-165).
-8
Let d(v) = 203*v**3 - 2*v**2 - 9*v - 6. Calculate d(-1).
-202
Let x(z) = -z**2 - 157*z - 6059. What is x(-85)?
61
Let l(z) = -12*z**2 - 2497*z + 45886. What is l(17)?
-31
Let k(w) = -1333*w - 148705. Calculate k(-110).
-2075
Let s(b) = 92*b - 4611. Determine s(49).
-103
Let t(a) = -2*a**2 + 26732*a - 3. What is t(0)?
-3
Let t(d) = -13*d**3 + 6553*d**2 - 527*d + 11613. What is t(504)?
21
Let w(f) = 4*f**2 + 48*f - 318. Calculate w(-17).
22
Let w(v) = -4210*v - 573213. What is w(-136)?
-653
Let s(o) = -2*o**2 - 1295*o + 83369. Determine s(59).
2
Let y(r) = r**3 - 151*r**2 + 425*r - 111869. What is y(153)?
-26
Let k(i) = -2*i**2 - 346*i - 1030. Determine k(-3).
-10
Let r(w) = 8215*w - 796878. Give r(97).
-23
Let m(c) = 20*c**2 + 216*c - 197823. Determine m(-105).
-3
Let j(g) = g**3 + 865*g**2 + 1029*g - 601512. Calculate j(-863).
-1
Let m(n) = -n**2 + 581*n - 7853. Determine m(14).
85
Let t(v) = 293*v**3 - 37*v**2 - 43*v - 4. What is t(-1)?
-291
Let n(u) = 288100*u - 2016688. What is n(7)?
12
Let s(h) = 1909*h - 9499. Calculate s(5).
46
Let q(j) = -770*j**3 + 174*j + 174. Calculate q(-1).
770
Let l(z) = 1644*z + 33883. What is l(-21)?
-641
Let c(o) = 3221*o - 3136. Determine c(1).
85
Let u(j) = 2*j**3 + 44*j**2 - 364*j + 1137. Give u(-29).
-81
Let n(i) = -2*i**3 + 225*i**2 + 631*i - 106993. What is n(111)?
11
Let x(o) = 10*o**2 + 25*o - 381. Determine x(12).
1359
Let p(o) = 3*o**3 + 247*o**2 - 172*o + 909. What is p(-83)?
1407
Let n(p) = p**3 - 11*p**2 - 52*p + 142. Calculate n(15).
262
Let r(m) = m**3 + 41*m**2 - 20438*m - 2723. Give r(124).
5
Let x(t) = -63*t**2 - 12*t + 38. Determine x(1).
-37
Let l(o) = 12*o**2 - 1145*o - 14043. Give l(-12).
1425
Let v(a) = -3*a**2 - 4894*a - 63551. Calculate v(-13).
-436
Let x(u) = 12873*u + 334691. What is x(-26)?
-7
Let l(p) = 31354*p + 1912508. Give l(-61).
-86
Let k(q) = -216*q**2 - 85*q + 107. Calculate k(1).
-194
Let q(t) = -2*t**3 - 28*t**2 + 209*t + 128. Calculate q(-19).
-233
Let u(j) = 216670*j - 1083346. Determine u(5).
4
Let y(z) = 2671*z - 293. What is y(-1)?
-2964
Let r(m) = -54613*m + 1092270. Calculate r(20).
10
Let x(t) = 5*t**3 + 17*t**2 - 29*t - 610. Determine x(6).
908
Let h(d) = 159*d**2 - 560*d + 240. Determine h(3).
-9
Let w(x) = x**3 + 6*x**2 + 54*x + 687. Determine w(-16).
-2737
Let g(i) = -i**3 - 222*i**2 - 1171*i - 18640. Calculate g(-217).
22
Let q(o) = -12*o**2 - 981*o - 674. Determine q(-81).
55
Let q(d) = 2*d**3 - 41*d**2 - 299*d + 1301. Determine q(26).
963
Let v(w) = w**2 + 8501*w + 287881. Determine v(-34).
3
Let d(z) = 3*z**3 - 137*z**2 + 1547*z + 56. Calculate d(21).
-91
Let o(l) = -231*l + 4581. Give o(16).
885
Let d(u) = 1314*u + 302191. Calculate d(-230).
-29
Let d(x) = 16*x**3 - x**2 + 60*x + 236. Calculate d(-3).
-385
Let c(m) = 19*m**2 - 7587*m - 5949. Give c(400).
-749
Let i(o) = -643*o + 7644. Determine i(12).
-72
Let s(w) = w**2 - 89*w - 22297. Calculate s(-121).
3113
Let g(l) = l**3 + 11*l**2 + 41*l - 1740. Calculate g(0).
-1740
Let x(l) = 120*l**2 - 7887*l - 187. What is x(66)?
1991
Let j(w) = 250*w + 902. Calculate j(-3).
152
Let q(f) = -f**2 - 10353*f - 371359. Determine q(-36).
53
Let n(x) = 2918936*x + 23351494. What is n(-8)?
6
Let i(a) = 1487*a - 32778. Determine i(22).
-64
Let s(i) = -422*i + 2591. Give s(6).
59
Let n(h) = h**2 - 5060*h - 270991. Calculate n(-53).
-2
Let y(o) = o**2 - 29*o - 425. Calculate y(-10).
-35
Let a(h) = 17*h**2 + 156*h - 882. Determine a(5).
323
Let y(o) = 2276*o - 1024215. Determine y(450).
-15
Let v(a) = -a**3 - 622*a**2 - 13*a - 8103. Calculate v(-622).
-17
Let x(h) = 6210*h + 223576. Determine x(-36).
16
Let w(u) = -3*u**3 - 501*u**2 + 3*u + 127. Calculate w(-167).
-374
Let p(h) = -h**2 - 160*h - 6646. Give p(-62).
-570
Let l(y) = 40363*y + 5166462. Calculate l(-128).
-2
Let a(k) = -25*k**2 - 347*k - 890. Give a(-10).
80
Let a(d) = -728*d + 12726. Give a(17).
350
Let m(a) = -6*a**3 - 143*a**2 - 622*a + 94. Give m(-18).
-50
Let h(g) = 16*g + 65. Give h(-7).
-47
Let v(x) = -19*x**2 - 52*x + 180. Determine v(-5).
-35
Let t(n) = -28321*n + 56640. Calculate t(2).
-2
Let i(l) = -105*l**2 + 33*l + 20. Calculate i(1).
-52
Let n(c) = 89*c**2 + 905*c - 8297. Calculate n(-16).
7
Let m(u) = 4265*u - 406014. Give m(95).
-839
Let d(p) = -6*p**3 - 62*p**2 - 34*p + 50. Determine d(-10).
190
Let h(a) = 204*a**2 + 7562*a + 529. Calculate h(-37).
11
Let h(t) = -35*t**2 + 651*t + 3307. What is h(-5)?
-823
Let l(n) = 6874*n - 54990. What is l(8)?
2
Let u(p) = -p**2 + 741*p - 5881. What is u(8)?
-17
Let b(q) = -40*q - 4720. Determine b(-9).
-4360
Let o(y) = -3109*y - 36821. Determine o(-12).
487
Let m(s) = -2204*s + 57348. Calculate m(26).
44
Let k(c) = -9*c**3 + 550*c**2 + 495*c + 141. Calculate k(62).
79
Let t(q) = 5989*q + 353362. Determine t(-59).
11
Let g(y) = -y**2 + 229*y - 12463. What is g(160)?
-1423
Let z(j) = -3*j**3 + 15*j**2 + 268*j + 1. Calculate z(12).
193
Let u(p) = -11*p**2 - 543*p + 9078. Give u(14).
-680
Let x(k) = k**3 + 482*k**2 - 971*k - 417. What is x(-484)?
1035
Let w(u) = -1163*u**2 + 10471*u - 25. Determine w(9).
11
Let r(a) = 4*a**2 - 62*a - 8312. Determine r(54).
4
Let n(t) = -98*t**2 - 2233*t - 3722. Give n(-21).
-47
Let p(x) = -2*x**3 - 172*x**2 + 83*x + 8038. Calculate p(-86).
900
Let h(t) = 136598*t + 955761. Give h(-7).
-425
Let a(x) = -6285*x + 144657. Calculate a(23).
102
Let k(w) = -2*w**3 + 63*w**2 - 391*w + 199. Calculate k(24).
-545
Let q(n) = -4530*n - 27175. Determine q(-6).
5
Let v(r) = -495*r**2 + 1989*r - 3970. Calculate v(2).
-1972
Let j(w) = 2*w**2 + 648*w + 3192. Calculate j(-5).
2
Let w(d) = -d**2 + 2617*d + 23642. Give w(-9).
8
Let u(x) = -x**3 + 337*x**2 - 1685*x + 8251. Give u(332).
-49
Let a(h) = 2*h**2 + 10*h + 233. Give a(-18).
701
Let n(h) = 8*h**3 - 165*h**2 + 208*h - 2160. Calculate n(20).
0
Let r(f) = 533*f + 28898. Calculate r(-58).
-2016
Let o(n) = -n**3 + 31*n**2 - 10*n - 1971. Give o(28).
101
Let c(w) = 4*w**2 + 452*w - 5560. Give c(11).
-104
Let l(c) = c**2 - 2311*c - 13945. Calculate l(-6).
-43
Let b(x) = -x**3 - 41*x**2 - 104*x - 2684. What is b(-40)?
-124
Let a(p) = 36497*p + 181482. Calculate a(-5).
-1003
Let b(a) = -3*a**2 + 978*a + 976. What is b(-1)?
-5
Let g(x) = 186*x + 5964. Give g(-35).
-546
Let y(l) = -1733*l - 36069. Calculate y(-21).
324
Let w(v) = -4*v**3 + 4*v**2 - 8269*v - 8271. Calculate w(-1).
6
Let l(n) = 2*n**3 - 1345*n**2 - 25538*n - 20039. What is l(691)?
0
Let b(c) = 69034*c + 2485114. What is b(-36)?
-110
Let k(q) = -512*q + 16385. Calculate k(32).
1
Let v(b) = -567*b - 36130. What is v(-64)?
158
Let n(m) = -4*m**3 - 74*m**2 + 797*m + 437. Determine n(-26).
-5
Let j(w) = -11*w**2 + 206*w - 1693. Give